and 513?
27
Calculate the greatest common factor of 17 and 646.
17
What is the greatest common divisor of 9 and 207?
9
What is the highest common divisor of 30 and 18?
6
Calculate the greatest common divisor of 559 and 26.
13
Calculate the greatest common factor of 171 and 45.
9
Calculate the highest common factor of 6504 and 192.
24
Calculate the highest common factor of 406 and 14.
14
Calculate the highest common factor of 3 and 13.
1
Calculate the greatest common divisor of 3904 and 1664.
64
Calculate the highest common divisor of 50 and 210.
10
Calculate the greatest common factor of 2023 and 2312.
289
Calculate the highest common divisor of 453 and 2416.
151
Calculate the greatest common factor of 40 and 140.
20
Calculate the highest common divisor of 203 and 231.
7
Calculate the greatest common divisor of 31 and 589.
31
Calculate the greatest common factor of 6364 and 43.
43
What is the highest common factor of 784 and 147?
49
What is the highest common divisor of 42 and 231?
21
What is the greatest common factor of 3597 and 33?
33
What is the highest common factor of 6 and 192?
6
What is the highest common factor of 1015 and 420?
35
Calculate the highest common divisor of 29 and 29.
29
What is the greatest common divisor of 8 and 1544?
8
What is the highest common divisor of 43 and 2107?
43
Calculate the greatest common factor of 9 and 1125.
9
What is the highest common divisor of 186 and 1054?
62
Calculate the greatest common factor of 10564 and 304.
76
Calculate the greatest common divisor of 18 and 5931.
9
What is the highest common divisor of 28 and 7343?
7
What is the greatest common factor of 360 and 120?
120
What is the highest common factor of 7 and 19558?
7
Calculate the highest common divisor of 34 and 34.
34
What is the highest common divisor of 9548 and 124?
124
Calculate the greatest common divisor of 280 and 1720.
40
What is the highest common divisor of 22 and 1331?
11
What is the highest common divisor of 61 and 3721?
61
What is the greatest common divisor of 26442 and 351?
117
Calculate the highest common divisor of 36 and 4176.
36
Calculate the greatest common factor of 23 and 460.
23
Calculate the highest common factor of 624 and 16.
16
Calculate the highest common factor of 108 and 4.
4
Calculate the greatest common divisor of 228 and 532.
76
What is the highest common factor of 749 and 107?
107
Calculate the greatest common factor of 652 and 3423.
163
Calculate the highest common divisor of 2907 and 765.
153
What is the greatest common factor of 18 and 72?
18
Calculate the highest common factor of 1981 and 14.
7
What is the highest common divisor of 4 and 641?
1
Calculate the greatest common divisor of 445 and 89.
89
What is the highest common divisor of 1306 and 4?
2
Calculate the greatest common divisor of 28 and 77.
7
Calculate the highest common factor of 1457 and 47.
47
What is the greatest common divisor of 23 and 69?
23
Calculate the highest common factor of 1824 and 16.
16
What is the greatest common divisor of 138 and 216?
6
What is the greatest common factor of 550 and 22?
22
What is the greatest common divisor of 25 and 8425?
25
Calculate the highest common factor of 195 and 312.
39
Calculate the highest common factor of 26290 and 10.
10
What is the greatest common divisor of 10 and 490?
10
Calculate the highest common divisor of 116 and 1682.
58
Calculate the highest common divisor of 6003 and 69.
69
What is the highest common divisor of 416 and 338?
26
What is the greatest common factor of 375 and 1575?
75
Calculate the greatest common divisor of 16 and 2.
2
What is the greatest common divisor of 5 and 45?
5
Calculate the greatest common factor of 14331 and 51.
51
Calculate the greatest common factor of 4466 and 1078.
154
What is the greatest common divisor of 234 and 36?
18
Calculate the greatest common factor of 3291 and 6.
3
What is the greatest common factor of 228 and 6004?
76
What is the greatest common divisor of 144 and 1152?
144
Calculate the greatest common divisor of 623 and 1424.
89
What is the greatest common factor of 32 and 604?
4
What is the highest common factor of 6640 and 200?
40
Calculate the greatest common divisor of 870 and 90.
30
What is the greatest common divisor of 15 and 40?
5
Calculate the highest common divisor of 308 and 14.
14
Calculate the highest common divisor of 675 and 25.
25
What is the greatest common factor of 39 and 481?
13
Calculate the highest common factor of 10919 and 358.
179
Calculate the greatest common factor of 25 and 155.
5
Calculate the greatest common factor of 27 and 13959.
27
Calculate the greatest common factor of 144 and 336.
48
What is the highest common factor of 56 and 7?
7
What is the highest common divisor of 585 and 15?
15
Calculate the highest common divisor of 34 and 34.
34
What is the greatest common divisor of 36 and 873?
9
Calculate the highest common divisor of 168 and 6.
6
What is the highest common divisor of 1404 and 216?
108
What is the highest common factor of 2814 and 42?
42
Calculate the greatest common divisor of 31 and 403.
31
Calculate the greatest common factor of 5922 and 168.
42
Calculate the highest common divisor of 42 and 224.
14
What is the highest common factor of 90 and 110?
10
What is the greatest common divisor of 57 and 551?
19
Calculate the highest common divisor of 1251 and 27.
9
Calculate the highest common factor of 74 and 74.
74
What is the highest common divisor of 136 and 1649?
17
What is the highest common factor of 11954 and 278?
278
What is the highest common factor of 29 and 7?
1
What is the greatest common divisor of 559 and 26?
13
What is the highest common factor of 4323 and 33?
33
What is the highest common divisor of 589 and 217?
31
Calculate the greatest common divisor of 24 and 1392.
24
Calculate the highest common divisor of 6440 and 160.
40
Calculate the greatest common divisor of 1216 and 228.
76
What is the greatest common factor of 112 and 532?
28
What is the greatest common divisor of 297 and 44?
11
What is the greatest common divisor of 51 and 85?
17
What is the highest common factor of 360 and 128?
8
Calculate the highest common divisor of 40 and 28040.
40
What is the highest common divisor of 5829 and 87?
87
What is the greatest common factor of 50 and 4150?
50
What is the greatest common divisor of 30 and 40?
10
What is the greatest common divisor of 1615 and 34?
17
Calculate the highest common factor of 154 and 22.
22
Calculate the highest common factor of 30 and 185.
5
What is the greatest common factor of 9 and 63?
9
What is the highest common divisor of 62 and 899?
31
Calculate the greatest common divisor of 144 and 48.
48
Calculate the greatest common factor of 13018 and 23.
23
Calculate the greatest common factor of 1088 and 34.
34
Calculate the greatest common factor of 116 and 145.
29
Calculate the highest common factor of 5900 and 20.
20
Calculate the greatest common divisor of 66 and 506.
22
Calculate the highest common factor of 36 and 153.
9
Calculate the greatest common divisor of 16 and 824.
8
What is the greatest common factor of 91 and 65429?
91
What is the highest common factor of 105 and 665?
35
What is the greatest common divisor of 320 and 192?
64
Calculate the highest common divisor of 10 and 55.
5
Calculate the highest common divisor of 171 and 13167.
171
Calculate the greatest common factor of 5 and 3265.
5
What is the greatest common divisor of 15934 and 62?
62
What is the highest common factor of 106 and 26182?
106
What is the highest common divisor of 105 and 399?
21
What is the highest common factor of 1188 and 216?
108
Calculate the greatest common factor of 1136 and 71.
71
Calculate the highest common divisor of 424 and 954.
106
Calculate the greatest common factor of 315 and 15.
15
Calculate the highest common factor of 234 and 299.
13
Calculate the greatest common factor of 70 and 350.
70
Calculate the greatest common divisor of 146 and 2336.
146
What is the greatest common factor of 15894 and 54?
18
What is the greatest common divisor of 518 and 28?
14
Calculate the greatest common divisor of 51 and 442.
17
Calculate the highest common divisor of 1253 and 112.
7
Calculate the highest common divisor of 21585 and 15.
15
What is the greatest common fact